3, 11, 3391
What are the prime factors of 2394425?
5, 11, 8707
What are the prime factors of 335858?
2, 307, 547
What are the prime factors of 493942?
2, 246971
List the prime factors of 2348423.
7, 11, 4357
What are the prime factors of 2844393?
3, 47, 20173
List the prime factors of 71602.
2, 35801
List the prime factors of 3316689.
3, 368521
List the prime factors of 2727083.
2727083
List the prime factors of 1498125.
3, 5, 17, 47
List the prime factors of 1959540.
2, 3, 5, 11, 2969
List the prime factors of 249404.
2, 62351
List the prime factors of 1353718.
2, 676859
List the prime factors of 2066094.
2, 3, 38261
What are the prime factors of 2478031?
449, 5519
List the prime factors of 1221758.
2, 610879
List the prime factors of 694705.
5, 11, 17, 743
List the prime factors of 180375.
3, 5, 13, 37
What are the prime factors of 141621?
3, 47207
List the prime factors of 911798.
2, 455899
List the prime factors of 1366609.
1366609
What are the prime factors of 1060245?
3, 5, 23561
List the prime factors of 2413049.
311, 7759
List the prime factors of 37022.
2, 107, 173
What are the prime factors of 6369186?
2, 3, 17, 41, 1523
List the prime factors of 19308703.
173, 111611
List the prime factors of 1741174.
2, 17, 83, 617
What are the prime factors of 747031?
17, 43943
List the prime factors of 374698.
2, 187349
What are the prime factors of 5376198?
2, 3, 59, 15187
What are the prime factors of 15105209?
7, 19, 137, 829
List the prime factors of 18779706.
2, 3, 11, 94847
List the prime factors of 9377122.
2, 4688561
List the prime factors of 429137.
429137
What are the prime factors of 2634260?
2, 5, 131713
List the prime factors of 233993.
233993
List the prime factors of 2126241.
3, 13, 17, 1069
What are the prime factors of 12551660?
2, 5, 11, 59, 967
What are the prime factors of 1079595?
3, 5, 11, 727
List the prime factors of 2415076.
2, 603769
List the prime factors of 1457088.
2, 3, 7589
List the prime factors of 548081.
37, 14813
List the prime factors of 13246456.
2, 1655807
List the prime factors of 360769.
360769
What are the prime factors of 6338608?
2, 47, 8429
What are the prime factors of 2693189?
73, 79, 467
List the prime factors of 3833950.
2, 5, 76679
What are the prime factors of 149977?
47, 3191
List the prime factors of 4301277.
3, 19, 59, 1279
What are the prime factors of 1131234?
2, 3, 13, 14503
What are the prime factors of 5027897?
7, 718271
What are the prime factors of 1276191?
3, 7, 47, 431
List the prime factors of 6222541.
13, 251, 1907
List the prime factors of 64656.
2, 3, 449
What are the prime factors of 105341?
105341
List the prime factors of 1165323.
3, 71, 5471
What are the prime factors of 514446?
2, 3, 179, 479
List the prime factors of 4485093.
3, 17, 87943
What are the prime factors of 6704364?
2, 3, 701, 797
List the prime factors of 57957.
3, 19319
List the prime factors of 10532003.
10532003
What are the prime factors of 222260?
2, 5, 11113
What are the prime factors of 548694?
2, 3, 1129
What are the prime factors of 95645?
5, 11, 37, 47
List the prime factors of 3077099.
971, 3169
List the prime factors of 884374.
2, 17, 19, 37
List the prime factors of 2600611.
13, 251, 797
What are the prime factors of 4311701?
4311701
List the prime factors of 18945233.
18945233
List the prime factors of 51517.
51517
What are the prime factors of 5883809?
311, 18919
List the prime factors of 769574.
2, 13, 29599
List the prime factors of 3997803.
3, 701, 1901
List the prime factors of 541026.
2, 3, 43, 233
What are the prime factors of 7099676?
2, 17, 131, 797
What are the prime factors of 327805?
5, 53, 1237
What are the prime factors of 3319074?
2, 3, 11, 16763
What are the prime factors of 29525?
5, 1181
List the prime factors of 3502435.
5, 113, 6199
List the prime factors of 136170.
2, 3, 5, 17, 89
List the prime factors of 75381.
3, 25127
List the prime factors of 811749.
3, 270583
What are the prime factors of 14042021?
7, 131, 15313
What are the prime factors of 7892799?
3, 109, 24137
List the prime factors of 350840.
2, 5, 7, 179
What are the prime factors of 16702990?
2, 5, 41, 40739
List the prime factors of 2228682.
2, 3, 371447
What are the prime factors of 279786?
2, 3, 13, 17, 211
What are the prime factors of 94348?
2, 103, 229
List the prime factors of 209368.
2, 26171
List the prime factors of 805440.
2, 3, 5, 839
What are the prime factors of 3111526?
2, 11, 29, 4877
List the prime factors of 395060.
2, 5, 19753
List the prime factors of 270024.
2, 3, 11251
What are the prime factors of 33585954?
2, 3, 5597659
List the prime factors of 928722.
2, 3, 154787
What are the prime factors of 347053?
7, 43, 1153
What are the prime factors of 373837?
373837
List the prime factors of 169195.
5, 13, 19, 137
List the prime factors of 2218440.
2, 3, 5, 7, 19, 139
What are the prime factors of 240567?
3, 17, 53, 89
What are the prime factors of 9052048?
2, 149, 3797
List the prime factors of 8034539.
233, 34483
What are the prime factors of 88756?
2, 22189
List the prime factors of 1518668.
2, 379667
What are the prime factors of 6808825?
5, 272353
List the prime factors of 5687274.
2, 3, 41, 61, 379
What are the prime factors of 126620?
2, 5, 13, 487
What are the prime factors of 317470?
2, 5, 53, 599
List the prime factors of 359643.
3, 119881
What are the prime factors of 70231?
7, 79, 127
List the prime factors of 24434682.
2, 3, 4072447
List the prime factors of 3510493.
7, 659, 761
List the prime factors of 87656.
2, 10957
What are the prime factors of 1484743?
13, 181, 631
List the prime factors of 2515125.
3, 5, 19, 353
List the prime factors of 2071966.
2, 13, 79691
What are the prime factors of 61606?
2, 30803
What are the prime factors of 621826?
2, 17, 18289
What are the prime factors of 40965?
3, 5, 2731
What are the prime factors of 2076943?
11, 43, 4391
List the prime factors of 395755.
5, 79151
List the prime factors of 1233928.
2, 17, 43, 211
List the prime factors of 3139944.
2, 3, 41, 3191
List the prime factors of 18298993.
18298993
List the prime factors of 2219767.
11, 201797
List the prime factors of 688085.
5, 19, 7243
List the prime factors of 6471525.
3, 5, 86287
What are the prime factors of 73544?
2, 29, 317
What are the prime factors of 9079979?
9079979
What are the prime factors of 3581559?
3, 397951
List the prime factors of 1899721.
1899721
What are the prime factors of 1066994?
2, 47, 11351
What are the prime factors of 239556?
2, 3, 19963
What are the prime factors of 120017?
120017
List the prime factors of 285604.
2, 11, 6491
List the prime factors of 299990.
2, 5, 131, 229
List the prime factors of 843403.
11, 76673
What are the prime factors of 1176690?
2, 3, 5, 61, 643
List the prime factors of 1077423.
3, 83, 4327
List the prime factors of 198549.
3, 13, 1697
What are the prime factors of 474016?
2, 14813
List the prime factors of 2775542.
2, 7, 11, 67, 269
List the prime factors of 927632.
2, 57977
What are the prime factors of 1268666?
2, 7, 90619
What are the prime factors of 367202?
2, 11, 16691
List the prime factors of 1983565.
5, 396713
List the prime factors of 48595.
5, 9719
What are the prime factors of 5463176?
2, 89, 7673
List the prime factors of 20033891.
47, 426253
List the prime factors of 3163696.
2, 23, 8597
List the prime factors of 3792369.
3, 7, 419, 431
What are the prime factors of 5360278?
2, 7, 11, 34807
What are the prime factors of 1354802?
2, 131, 5171
List the prime factors of 219555.
3, 5, 7, 17, 41
List the prime factors of 2022462.
2, 3, 13, 43, 67
What are the prime factors of 23575?
5, 23, 41
List the prime factors of 7510000.
2, 5, 751
List the prime factors of 118268.
2, 29567
List the prime factors of 179377.
11, 23, 709
List the prime factors of 866854.
2, 367, 1181
List the prime factors of 300915.
3, 5, 743
What are the prime factors of 15929550?
2, 3, 5, 7, 13, 389
List the prime factors of 2980674.
2, 3, 43, 3851
What are the prime factors of 36706?
2, 18353
What are the prime factors of 630365?
5, 139, 907
List the prime factors of 804674.
2, 13, 30949
What are the prime factors of 710606?
2, 13, 151, 181
List the prime factors of 4738474.
2, 13, 31, 5879
List the prime factors of 286287.
3, 95429
What are the